 Determine j(31).
-8
Let l(c) = -6*c + 71. Calculate l(9).
17
Let p(j) = -21*j - 169. Calculate p(-8).
-1
Let z(f) = -f**3 + 25*f**2 + 50*f + 90. Calculate z(27).
-18
Let p(m) = m**3 - 12*m**2 + m - 6. What is p(12)?
6
Let l(r) = 4*r**2 + r. What is l(-1)?
3
Let i(r) = -r**2 - 3*r + 2. Determine i(4).
-26
Let u(g) = -2*g + 4. What is u(6)?
-8
Let s(p) = p**2 - 9*p - 9. Calculate s(4).
-29
Let c(h) = 12*h + 7. Give c(-4).
-41
Let s(b) = -b**3 + 12*b**2 - 15*b + 1. Determine s(11).
-43
Let j(k) = -8*k + 10. What is j(-7)?
66
Let x(g) = g**2 - 21*g + 16. What is x(15)?
-74
Let b(j) = -5*j - 25. Give b(-5).
0
Let l(d) = d**3 + d**2 + d + 16. Calculate l(0).
16
Let j(h) = 7*h - 22. Calculate j(4).
6
Let m(c) = c**2 - 15*c - 5. Determine m(15).
-5
Let w(s) = -13*s - 5. Give w(-2).
21
Let s(y) = -5*y - 12. Give s(-1).
-7
Let d(l) = 20*l - 207. What is d(10)?
-7
Let p(t) = 2*t**3 - 4*t**2 - 2*t + 2. What is p(3)?
14
Let y(w) = -w**3 - 7*w**2 - 5*w + 18. Determine y(-6).
12
Let v(p) = p**3 + 11*p**2 + 24*p + 17. Determine v(-9).
-37
Let h(n) = -12*n**2 + 1. Calculate h(-2).
-47
Let r(k) = 4*k - 8. Determine r(-10).
-48
Let d(q) = q**2 - 5*q + 1. Calculate d(8).
25
Let u(k) = 19*k - 1. Calculate u(1).
18
Let i(k) = -k**2 + 13*k - 10. Determine i(4).
26
Let a(u) = -2*u + 12. Determine a(9).
-6
Let z(h) = 5*h + 22. What is z(-6)?
-8
Let t(y) = -y**3 + 5*y**2 + 6*y + 3. Calculate t(6).
3
Let g(b) = -22*b + 5. Calculate g(-3).
71
Let c(l) = -112*l**2 + l - 1. Calculate c(1).
-112
Let j(k) = -34*k - 5. Determine j(-1).
29
Let s(m) = 6*m**2 - 30*m. Calculate s(5).
0
Let h(g) = 2*g**2 - 4*g + 4. What is h(3)?
10
Let d(w) = 6*w - 11. What is d(4)?
13
Let x(k) = -25*k + 22. Calculate x(-5).
147
Let r(o) = -o - 13. Calculate r(-13).
0
Let s(o) = o**3 - 8*o**2 + 5*o - 5. Give s(7).
-19
Let a(f) = f**2 - 3*f - 13. What is a(-3)?
5
Let y(p) = p**3 + 7*p**2 + p - 6. What is y(-7)?
-13
Let j(w) = w + 28. What is j(-3)?
25
Let v(t) = -t**2 + 11*t + 12. Calculate v(5).
42
Let u(q) = -35*q + 37. Calculate u(6).
-173
Let c(d) = d**3 - 3*d**2 - 3*d + 1. Determine c(3).
-8
Let u(b) = -5*b - 15. Give u(-9).
30
Let j(n) = n + 7. What is j(-2)?
5
Let q(y) = -y**2 + 13*y - 15. Give q(12).
-3
Let p(u) = 5*u**2 - 30*u + 2. What is p(7)?
37
Let h(p) = p - 22. What is h(19)?
-3
Let j(o) = -o**2 + 19*o + 5. Calculate j(3).
53
Let y(h) = 17*h + 97. Calculate y(-6).
-5
Let x(p) = p**3 - 24*p**2 - 51*p - 19. Calculate x(26).
7
Let i(v) = -v**2 + 20*v - 44. Determine i(19).
-25
Let g(v) = v**2 - 10*v + 4. What is g(8)?
-12
Let v(k) = 11*k**2 - 3*k + 5. Give v(2).
43
Let q(x) = -x**3 + 40*x**2 - 36*x - 69. Calculate q(39).
48
Let d(o) = -o + 41. Calculate d(24).
17
Let t(n) = 9*n - 154. Calculate t(17).
-1
Let g(k) = -k**3 + 6*k**2 + 4*k - 10. What is g(7)?
-31
Let j(s) = 2*s**2 - s - 9. Give j(5).
36
Let x(o) = o**3 - 25*o**2 - 5*o + 83. Calculate x(25).
-42
Let t(c) = -c**2 + 4*c - 22. Give t(12).
-118
Let c(g) = -26*g + 52. What is c(2)?
0
Let j(w) = w - 29. Give j(22).
-7
Let c(s) = -s**2 + 8*s + 10. Give c(8).
10
Let r(y) = 3*y**2 - y - 5. Determine r(4).
39
Let y(v) = -v**3 + 14*v**2 - 13*v + 6. What is y(13)?
6
Let w(u) = -2*u**3 + 18*u**2 + u + 6. What is w(9)?
15
Let r(w) = 5*w**2 + 19*w + 2. Calculate r(-3).
-10
Let o(a) = 2*a**2 - 28*a + 95. What is o(8)?
-1
Let k(v) = v**3 + 14*v**2 + 24*v - 3. What is k(-12)?
-3
Let o(j) = 18*j + 426. Give o(-23).
12
Let s(t) = 57*t + 228. Determine s(-4).
0
Let q(k) = 19*k + 243. Determine q(-14).
-23
Let l(h) = -h**3 - 3*h**2 + 13*h - 8. What is l(-6)?
22
Let z(s) = 3*s + 1. What is z(-1)?
-2
Let k(f) = -f**2 + 6*f - 17. What is k(11)?
-72
Let w(d) = -d**2 + 13*d + 2. Determine w(10).
32
Let i(n) = n**3 + 3*n**2 + 4*n - 9. Determine i(-3).
-21
Let o(d) = -d**3 - 10*d**2 + 2*d + 15. Calculate o(-10).
-5
Let p(b) = -b**2 - 5*b + 5. Give p(-7).
-9
Let h(r) = -5*r + 38. What is h(6)?
8
Let g(y) = -y**2 + 11*y - 11. Give g(12).
-23
Let v(d) = -d**3 + 42*d**2 - d + 42. Calculate v(42).
0
Let c(i) = 2*i + 2. Calculate c(-4).
-6
Let z(w) = -3*w - 9. What is z(-4)?
3
Let y(i) = i**3 + 10*i**2 - 3*i - 21. What is y(-10)?
9
Let w(g) = 3*g**3 - 2*g**2 - 4*g - 3. Calculate w(-1).
-4
Let r(d) = d**3 - 7*d**2 - 11*d + 19. Calculate r(8).
-5
Let j(a) = -a**2 - 30*a - 196. What is j(-11)?
13
Let p(d) = d + 1. Give p(-4).
-3
Let m(q) = q + 1. What is m(-7)?
-6
Let k(u) = u + 11. Determine k(-13).
-2
Let s(b) = 7*b + 33. What is s(-10)?
-37
Let k(f) = 24*f + 108. What is k(-4)?
12
Let z(c) = -3*c**2 - 4*c + 1. Determine z(-5).
-54
Let m(y) = -40*y - 9. What is m(-2)?
71
Let k(w) = -3*w + 1. Calculate k(2).
-5
Let x(q) = q**3 + 13*q**2 - 2*q - 15. Calculate x(-13).
11
Let x(n) = n**3 - 4*n**2 - 18*n - 4. Determine x(-2).
8
Let n(m) = -2*m**3 - 3*m**2 + 7*m. Calculate n(-3).
6
Let q(r) = -r**3 - 4*r**2 + 4*r - 7. Give q(-5).
-2
Let g(p) = p**3 - 6*p**2 - p - 7. Determine g(6).
-13
Let q(y) = y**3 + 16*y**2 + 14*y - 2. Determine q(-15).
13
Let y(t) = -t**2 + 60*t - 651. What is y(14)?
-7
Let h(s) = s**3 + 8*s**2 + 5*s + 32. What is h(-8)?
-8
Let h(v) = v**3 - 6*v**2 - 5*v - 21. Determine h(7).
-7
Let j(g) = g**2 + 13*g + 53. What is j(-9)?
17
Let g(t) = -t**2 - 9*t + 25. What is g(3)?
-11
Let w(s) = 14*s**2 - 239*s - 8. Give w(17).
-25
Let b(t) = 2*t - 33. What is b(16)?
-1
Let h(b) = -4*b**2 + 2. Determine h(-1).
-2
Let i(x) = -2*x**2 - x. What is i(-3)?
-15
Let j(l) = -5*l**2 + l. Calculate j(-1).
-6
Let b(j) = -2*j**2 - j - 2. Calculate b(2).
-12
Let t(k) = -2*k**3 - 21*k**2 - 8*k + 21. Give t(-10).
1
Let w(p) = p**3 - 24*p**2 + 42*p + 45. What is w(22)?
1
Let d(o) = 3*o + 28. Determine d(-10).
-2
Let m(g) = g**2 + 4*g + 3. Give m(-1).
0
Let m(x) = -2*x**3 + 20*x**2 + x. What is m(10)?
10
Let x(p) = -13*p + 537. What is x(40)?
17
Let f(j) = -7*j + 75. Give f(9).
12
Let b(f) = f**2 - 2*f + 2. Determine b(0).
2
Let c(v) = 7*v + 12. Determine c(-14).
-86
Let p(s) = -s - 15. Calculate p(-6).
-9
Let k(o) = o + 11. Give k(-14).
-3
Let l(b) = -b**2 + 13*b - 38. Determine l(7).
4
Let h(l) = -9*l + 32. Determine h(9).
-49
Let r(m) = -m**2 + 15*m - 36. Give r(3).
0
Let g(q) = q**2 + q - 5. Determine g(4).
15
Let d(w) = -2*w**2 + 5*w - 15. Give d(2).
-13
Let o(w) = 2*w**2 - 31*w + 21. Determine o(15).
6
Let g(w) = -25*w**3 + 3*w**2 - 4*w + 1. Determine g(1).
-25
Let r(f) = -32*f - 183. Determine r(-6).
9
Let g(z) = -11*z + 6. Determine g(7).
-71
Let t(x) = x**3 + 16*x**2 - 17*x + 32. Give t(-17).
32
Let d(m) = -3*m**2 - 23*m - 27. Calculate d(-5).
13
Let b(p) = -p**3 + 3*p**2 - 3*p + 3. Determine b(2).
1
Let h(t) = -t**3 + 7*t**2 - 9*t + 12. Determine h(6).
-6
Let x(l) = -3*l - 1. What is x(-1)?
2
Let f(a) = a**3 + 9*a**2 + 11*a + 10. What is f(-8)?
-14
Let q(y) = -4*y**3 - y**2 + 1. What is q(1)?
-4
Let d(r) = r**3 - 5*r**2 + 11*r - 21. Calculate d(3).
-6
Let r(i) = i**2 - 9*i + 13. Calculate r(9).
13
Let p(m) = 2*m - 11. Give p(8).
5
Let f(i) = -i - 1. Give f(9).
-10
Let s(w) = 4*w**2 + 3*w - 7. What is s(3)?
38
Let s(w) = -18*w**2 + 16*w - 18. What is s(1)?
-20
Let v(o) = 23*o + 2. Determine v(1).
25
Let f(y) = y - 3. Determine f(-3).
-6
Let g(w) = -w**3 + w - 17. Determine g(0).
-17
Let g(t) = -7*t**2 - 3*t - 2. Determine g(-3).
-56
Let h(w) = -5*w + 3. Calculate h(-10).
53
Let b(y) = -6*y**2 - y - 2. What is b(-3)?
-53
Let u(i) = i**3 + 7*i**2 - 5. What is u(-7)?
-5
Let x(s) = -6*s - 17. Calculate x(-3).
1
Let r(x) = 3*x**2 + 3*x + 23. Determine r(-4).
59
Let g(x) = -x**3 - 10*x**2 - 9*x - 15. What is g(-9)?
-15
Let s(d) = -2*d - 4. Determine s(5).
-14
Let i(w) = 4*w + 84. Calculate i(-19).
8
Let b(q) = 8*q**2 + q - 2. Give b(1).
7
Let t(n) = 9*n**2 + 2*n + 1. What is t(-2)?
33
Let v(r) = -r**2 + 2*r + 7. Give v(-3).
-8
Let j(o) = -o**3 - 26*o**2 - 42*o + 102. What is j(-24)?
-42
Let c(g) = 3*g**2 - 9*g + 3. Determine c(3).
3
Let h(w) = w + 27. Calculate h(-23).
4
Let w(i) = -i**3 - 56*i**2 - 107*i + 62. Give w(-54).
8
Let r(w) = -w**3 - 13*w**2 + 8*w - 26. Determine r(-14).
58
Let z(x) = x**2 + 8*x + 16. What is z(-6)?
4
Let t(z) = -z**3 - 9*z**2 - 14*z + 6. What is t(-7)?
6
Let b(a) = 2*a**2 - 3*a - 2. Give b(-5).
63
Let y(b) = -b**2 + 3*b + 3. Give y(4).
-1
Let l(s) = -7*s + 6. What is l(6)?
-36
Let m(l) = 2*l**2 + l + 5. Calculate m(0).
5
Let u(p) = 4*p -